hat is the highest common divisor of 19043808 and 18?
6
Calculate the highest common divisor of 864 and 2050464.
96
Calculate the highest common factor of 19647 and 1382724.
531
What is the greatest common divisor of 27833247 and 9308?
2327
Calculate the highest common factor of 7732476 and 24.
12
What is the greatest common divisor of 5560875 and 135?
45
Calculate the highest common factor of 3283588 and 48356.
308
Calculate the greatest common factor of 1660 and 150760.
20
What is the greatest common divisor of 1395058 and 19453?
2779
What is the greatest common factor of 158 and 120215169?
79
What is the highest common divisor of 17356 and 1127107318?
8678
What is the greatest common factor of 6443058 and 1788?
894
What is the highest common divisor of 236292 and 226142?
406
Calculate the greatest common divisor of 99317910 and 7038.
2346
What is the greatest common divisor of 47885 and 422330?
785
What is the highest common factor of 652645212 and 1297?
1297
What is the highest common factor of 1022118 and 27?
3
What is the highest common factor of 22436 and 1033547?
71
Calculate the greatest common divisor of 1976 and 3527368.
104
What is the highest common factor of 560749518 and 709?
709
Calculate the highest common factor of 4371747 and 317.
317
What is the greatest common factor of 11357 and 5368537?
277
Calculate the highest common divisor of 3135 and 60819.
627
Calculate the greatest common factor of 15863 and 61016.
29
Calculate the highest common factor of 6 and 250889202.
6
What is the greatest common factor of 9512 and 845912?
328
Calculate the highest common divisor of 16 and 1652746.
2
Calculate the greatest common divisor of 28892 and 30132.
124
What is the highest common factor of 4930 and 10154640?
290
Calculate the greatest common factor of 32 and 5150212.
4
What is the greatest common divisor of 1293748181 and 129?
43
Calculate the greatest common factor of 198 and 10673256.
66
What is the greatest common factor of 25 and 3978545?
5
Calculate the highest common divisor of 3420784 and 128.
16
What is the highest common factor of 5216 and 562389120?
5216
Calculate the greatest common divisor of 79339 and 622147.
359
Calculate the greatest common factor of 1908 and 1285409.
53
What is the highest common divisor of 2153926 and 12827?
101
What is the greatest common factor of 84 and 1027978272?
12
Calculate the greatest common factor of 60494 and 7376614.
406
Calculate the greatest common factor of 174 and 11306166.
6
Calculate the greatest common divisor of 9 and 177223158.
9
Calculate the highest common divisor of 238512256 and 128.
128
Calculate the highest common factor of 2596 and 72290812.
2596
What is the greatest common divisor of 185619456 and 62208?
2304
Calculate the greatest common divisor of 12097107 and 459.
27
Calculate the greatest common divisor of 2368277 and 125668.
353
Calculate the highest common divisor of 624741814 and 514.
514
Calculate the highest common divisor of 892346 and 3068.
26
Calculate the greatest common factor of 514566 and 63038.
1466
What is the highest common factor of 4 and 43505892?
4
What is the highest common factor of 1955018 and 4082?
26
Calculate the highest common divisor of 18947214 and 6084.
234
Calculate the greatest common divisor of 66283 and 149093861.
3899
Calculate the greatest common divisor of 76 and 3202088.
4
Calculate the highest common factor of 562170 and 424480.
70
What is the greatest common factor of 777805 and 24727?
313
Calculate the greatest common divisor of 296 and 1123569528.
296
Calculate the highest common divisor of 18 and 407408418.
18
Calculate the greatest common factor of 669191 and 23694559.
6497
Calculate the greatest common divisor of 47614 and 393442.
2506
What is the greatest common divisor of 60 and 954105?
15
Calculate the greatest common divisor of 2292 and 58026.
6
What is the greatest common factor of 214 and 229776722?
214
What is the highest common divisor of 27492 and 449984?
316
What is the highest common divisor of 8960094 and 351?
117
Calculate the greatest common factor of 112 and 3810569.
7
What is the greatest common factor of 4641 and 845061?
21
What is the greatest common factor of 142624 and 193376?
32
What is the greatest common factor of 17893530 and 180?
90
What is the highest common factor of 4350 and 5492600?
1450
Calculate the highest common divisor of 124752722 and 203.
29
Calculate the highest common divisor of 55 and 8616091.
11
Calculate the highest common factor of 1190 and 59153234.
238
Calculate the highest common factor of 114 and 269614.
2
Calculate the highest common factor of 260710 and 12934.
58
What is the greatest common factor of 135 and 64084365?
135
Calculate the greatest common divisor of 2679698 and 7681156.
9674
Calculate the greatest common factor of 861822 and 78822.
522
Calculate the greatest common divisor of 13458456 and 63.
9
What is the greatest common factor of 112 and 4213232?
16
What is the greatest common factor of 817677 and 837?
9
Calculate the highest common factor of 43135104 and 24.
24
What is the greatest common divisor of 420 and 363459831?
21
What is the highest common divisor of 11280244 and 2570?
514
What is the greatest common factor of 3503145 and 105?
15
Calculate the highest common factor of 4076 and 857428.
4
What is the greatest common divisor of 1587 and 7748700?
69
Calculate the highest common factor of 934839 and 1051209.
3879
Calculate the greatest common divisor of 215792998 and 2982.
142
What is the greatest common divisor of 136 and 203965609?
17
What is the greatest common factor of 367 and 38281403?
367
Calculate the highest common divisor of 26405631 and 261.
261
What is the highest common divisor of 49237109 and 7123?
419
Calculate the highest common divisor of 696 and 146890104.
696
What is the highest common divisor of 61 and 40193144?
61
Calculate the highest common divisor of 959 and 52024.
7
Calculate the highest common divisor of 60 and 793420.
20
What is the highest common factor of 1152704 and 1016335?
2573
What is the highest common divisor of 121 and 14335882?
11
What is the greatest common divisor of 2808 and 353171?
13
Calculate the greatest common factor of 34092102 and 143.
11
Calculate the highest common divisor of 132651 and 2814571.
289
What is the highest common factor of 1216 and 854752544?
608
Calculate the highest common divisor of 63008 and 31548.
44
What is the highest common divisor of 33682 and 2258?
2
Calculate the greatest common factor of 47950 and 356100.
50
Calculate the greatest common factor of 20 and 72714220.
20
Calculate the greatest common factor of 13608 and 22157352.
504
Calculate the greatest common factor of 1221714 and 18954.
234
What is the greatest common factor of 1485855 and 3189760?
3115
Calculate the greatest common factor of 340873 and 1690.
169
Calculate the highest common divisor of 365319 and 30015.
9
Calculate the highest common factor of 3 and 2884374.
3
Calculate the highest common divisor of 52 and 31344482.
26
What is the highest common divisor of 117219 and 13899?
123
Calculate the greatest common factor of 224 and 2457196.
28
What is the highest common divisor of 3256 and 263172712?
3256
Calculate the highest common divisor of 2616 and 2438232.
24
What is the greatest common divisor of 691966744 and 28?
28
Calculate the highest common factor of 169112892 and 156.
156
Calculate the highest common divisor of 178769 and 5671.
53
Calculate the highest common factor of 59722 and 1768910.
26
What is the greatest common factor of 1422 and 15983991?
711
Calculate the highest common factor of 838090080 and 80.
80
What is the highest common divisor of 1527 and 5523159?
1527
What is the greatest common factor of 13 and 88509941?
13
What is the greatest common divisor of 4250 and 9283598?
34
What is the greatest common factor of 1491 and 243537?
21
Calculate the greatest common factor of 124257 and 29337.
21
What is the highest common divisor of 1924 and 49323664?
1924
What is the greatest common divisor of 218119 and 241582?
869
Calculate the highest common factor of 1470141 and 22843.
431
What is the highest common factor of 33206487 and 963?
321
What is the greatest common factor of 7674 and 2874?
6
Calculate the